t k = -6 - -12. Suppose k*t - 3*t - 12 = 0. Suppose -56 = -t*q + 4*f, 3*f - 34 = -q - f. List the prime factors of q.
2, 3
Let x = 11 + 19. List the prime factors of x.
2, 3, 5
Let r be (6/(-5))/((-8)/160). Suppose -j - r = -5*j. List the prime factors of j.
2, 3
Let o be (0 - (-2)/(-1))*2. List the prime factors of (23/2)/((-2)/o).
23
Let m be (-4)/(-12) - 534/9. Let s = m - -88. List the prime factors of s.
29
Suppose -6 = 3*d - 15. Suppose -28 = -d*z + 44. List the prime factors of z.
2, 3
What are the prime factors of 11 + 65 + (4 - 1) + -1?
2, 3, 13
Suppose 0 = 4*d + 6*i - i - 55, 2*d = 5*i + 5. Suppose d = z - 8. List the prime factors of z.
2, 3
Suppose 2*x - 29 = 3*n, 0 = x + 2*x + 5*n - 72. List the prime factors of x.
19
Let s be 0/(2/(-2 - 0)). Let v be 52/3*(s - -3). Suppose 4*g - v = 2*u, 0*g + 3*g + u = 34. What are the prime factors of g?
2, 3
Let t = 370 + -44. What are the prime factors of t?
2, 163
Suppose 0 = -5*z + q + 1, -4*z - 3*q - 6 = -22. Suppose 19 = 5*t - z. List the prime factors of t.
2
Suppose 4*k + 4*c + 28 = 0, -16 = -2*k + 4*c - 0. Let n = 1 - k. Suppose n*r = -6 + 30. List the prime factors of r.
2
Let m be 6/8 + (-325)/(-52). Suppose -54 + m = -h. List the prime factors of h.
47
Let k(r) = 57*r**2 + r + 2. What are the prime factors of k(-1)?
2, 29
Let m(g) = -g**3 + 8*g**2 + 9*g + 13. What are the prime factors of m(9)?
13
Let s(j) = 2*j**3 + j**2 - j + 1. Let o be s(1). Suppose -o*m - k = 2*m - 59, -5*m + 4*k + 64 = 0. List the prime factors of m.
2, 3
Let v(s) = -5*s - 25. Let g(x) = -11*x - 51. Suppose -2*a - 46 = -5*k, 0 = -5*a + 3*k - 85 + 8. Let n(l) = a*v(l) + 6*g(l). List the prime factors of n(8).
11
Suppose -4*z - 40 = 20. Let i = z + 25. Suppose -4*v + 2*l = 6*l - 4, -4*v = -2*l - i. List the prime factors of v.
2
Suppose 5*o = t + 832, -182 = o - 2*o - 5*t. List the prime factors of o.
167
Let l(v) = -v**2 - 5*v + 6. Suppose 3*u - u + 11 = -f, u - 5*f + 22 = 0. Let y be l(u). What are the prime factors of (18/y)/(18/(-96))?
2, 3
Let i = -3 - 2. Let b = i + 8. Suppose b*o + 2*o = 10. List the prime factors of o.
2
Let q(v) = v**3 + v**2 - v + 2. Suppose -2*f = -3*j - 8, -3*f + 0 = -2*j - 7. Let r be q(j). Let t(n) = -n**2 + n + 5. List the prime factors of t(r).
5
Suppose -l = 3*l - 132. List the prime factors of (-4)/22 + 567/l.
17
Let v(d) = 2*d - 9. Let p be v(7). Suppose 0 = p*i + b - 245, -4*i - 2*b + 6*b + 220 = 0. List the prime factors of i.
2, 5
Suppose v - 4 = 0, -3*i = -4*i + v. Suppose i*w + 0*w - 84 = 0. What are the prime factors of w?
3, 7
Suppose -2*a + 6 = 3*g + 2*g, 0 = -4*a + 2*g + 36. What are the prime factors of 9 - a - 4*-5?
3, 7
Let l = 8 + -1. List the prime factors of l.
7
Suppose 5*v = 5*k + 40, 4*v = -0*v - 3*k + 4. Suppose 3*t = v*t - 25. List the prime factors of t.
5
Let i(j) be the second derivative of -j**5/20 - j**4/12 + j**3/6 + 3*j**2/2 + 2*j. What are the prime factors of i(0)?
3
Suppose 0 = -r - 4*r + k + 11, -4*r = -4*k + 4. Suppose 5*f - r*g = -2*g + 28, 3*g = -4*f + 11. What are the prime factors of f?
5
Let m(l) = -l + 5*l - 3*l + 1 + 3. What are the prime factors of m(0)?
2
Suppose 4*d = 2*d + 6, 5*i = -5*d + 400. List the prime factors of i.
7, 11
Let m = 50 - 14. Let c = 23 + -19. Suppose 4*r - m = 2*r + 4*h, 0 = -c*r - 5*h + 7. What are the prime factors of r?
2
Suppose 4*o + 5*a - 5 = 2*a, 0 = 5*o + 2*a - 8. Suppose -o*l + 0*l + 60 = 0. What are the prime factors of l?
2, 3, 5
Let z(i) = -i**2 - 9*i - 6. Let a be ((-4)/(-3))/((-2)/12). Let k be z(a). Suppose -6 = -k*v - 3*p, 5*v + 3*p - p - 26 = 0. What are the prime factors of v?
2, 3
Suppose z + 0*z = h - 9, 2*z + 3 = -h. Suppose -4*g + 2*p + 94 = 4*p, 5*g - 140 = h*p. What are the prime factors of g?
5
Suppose j - 5 = -1. Suppose 1 + 11 = -j*t, -3*l = -3*t - 6. What are the prime factors of l + 21 + -3 + 1?
2, 3
Let l = -2 + 4. Suppose 8 = o - x - 2, -l*x = 2*o. What are the prime factors of o?
5
Suppose -o - 2*o + q + 115 = 0, 4*o - 155 = 3*q. What are the prime factors of o?
2, 19
What are the prime factors of (-480)/(-5) - (-2)/(-2)?
5, 19
Let i(m) = 7*m**2 + 3*m + 21. What are the prime factors of i(-6)?
3, 5, 17
Let s be (0/2)/(-5 + 2). Suppose s = 2*w - 6*w + 80. What are the prime factors of w?
2, 5
Let l(b) = b**3 + 19*b**2 - 11*b + 6. What are the prime factors of l(-19)?
5, 43
Suppose -3*t - 3 = 0, -2*w + t = -w - 44. What are the prime factors of w?
43
Let s(l) = l**3 - 3*l**2 - 2*l - 3. Let x be s(4). Suppose -x*i + 4*c + 93 = 0, i - 30 = -c - 2*c. What are the prime factors of i?
3, 7
Suppose 2*o + 2*f = 80 - 14, 0 = -5*o - 4*f + 161. List the prime factors of o.
29
Let q(b) = -b + 3. Let v = 6 + -3. Suppose 4*x - 8 = v*n, -x = n + 3*x - 8. What are the prime factors of q(n)?
3
List the prime factors of (-7 + -3)*5/(-2).
5
Let a = 3 - 3. Let s = -10 + 19. Suppose i + a = s. List the prime factors of i.
3
What are the prime factors of ((-6)/4)/((-3)/20)?
2, 5
Suppose -3*b = -101 - 430. List the prime factors of b.
3, 59
Let p be (-1)/(-4) - (-2392)/32. Let g = p + -51. What are the prime factors of g?
2, 3
Let a(g) = g - 6. Let m = 3 - 0. Suppose -40 = -m*w - 2*w. What are the prime factors of a(w)?
2
Suppose 4*d - 16 = -0*d. Let q(x) = -2 + x**2 - 2*x + x**2 + 3*x**2 - d*x**2. What are the prime factors of q(4)?
2, 3
Suppose 0 = i - 9 - 2. Suppose 2*n + 4*u - 24 = 0, n = 4*u + 25 + i. What are the prime factors of n?
2, 5
Suppose 3*f = -0*f - 5*c + 34, 0 = 4*c - 20. Let k be 2/f*6/2. What are the prime factors of k + 0 + -2 - -13?
13
Suppose 8*r - 116 = 4*r. What are the prime factors of r?
29
Let u(j) = j**3 - 4*j**2 - 8*j - 2. List the prime factors of u(6).
2, 11
What are the prime factors of (-2 + 5)/(24/464)?
2, 29
Let q(l) = -l**2 - 6*l + 7. Let d be q(-7). Suppose -5*a - 9 + 34 = d. Let m(i) = i**3 - 5*i**2 + 4*i. What are the prime factors of m(a)?
2, 5
Suppose 4*w - 36 = w. Suppose -w = -2*p - 0*b + b, -3*p + 29 = 4*b. Suppose -i + 5*s - p = -31, 5*s = 4*i - 36. List the prime factors of i.
2
Suppose 15*s - 5*s = 660. List the prime factors of s.
2, 3, 11
Suppose 48 = -2*x + 2*u, -3*x - 33 = -2*u + 40. Let n = 5 - x. List the prime factors of n.
2, 3, 5
Suppose 2 = 3*d - 2*d. Suppose -2*y + 0 = -4*a + d, 4*y - 10 = a. Suppose -y*p + 23 = -n - 17, -4*n + 8 = 0. What are the prime factors of p?
2, 7
Let x = 30 - 22. Suppose 7*w = x*w - 2. List the prime factors of w.
2
Let d(h) = 38*h - 36. List the prime factors of d(6).
2, 3
Let k = 19 + -7. Let o(r) = r + 5. List the prime factors of o(k).
17
Let z = -21 - -50. What are the prime factors of z?
29
Let d(w) be the second derivative of 0 + 3/2*w**2 + 2*w + 1/20*w**5 - 1/6*w**3 + 5/12*w**4. What are the prime factors of d(-5)?
2
Let r = 0 + 15. List the prime factors of r.
3, 5
Suppose 2*d - l - 183 - 13 = 0, d - 98 = -l. List the prime factors of d.
2, 7
What are the prime factors of 319/(-2)*20/(-10)?
11, 29
Let r(g) = g - 11. Let s be r(7). Suppose -5*b + 12 = -b. What are the prime factors of 1 - s/(6/b)?
3
Let k = 30 + -14. Suppose 2*y + 5*t = 12, 2*t - 14 - k = -5*y. Let q = 8 - y. List the prime factors of q.
2
List the prime factors of (-29)/(-2)*16/8.
29
Let v be (-12)/(-15)*5/1. Suppose 0 = v*i - i - 39. List the prime factors of i.
13
Let r(j) = -j + 3. Let d be r(5). Let z be ((-98 - d)/2)/1. List the prime factors of (4/(-8))/(2/z).
2, 3
Let g be (-4)/10 - 374/(-10). Suppose 3*x + 4*s - g = 41, 0 = -2*x - 5*s + 52. What are the prime factors of x?
2, 13
Suppose -c + 6*z - 3*z + 73 = 0, 2*c - 122 = -2*z. List the prime factors of c.
2
Suppose 0*x = x. Suppose 15 = -x*j + 5*j, 3*j = -2*a + 1. Let y(c) = -c**3 - 4*c**2 - c + 2. What are the prime factors of y(a)?
2, 3
Suppose -4*j - 38 = -2*r, -13 - 8 = -r + j. What are the prime factors of r?
23
Let y(n) = -5*n - 7. Let q be 6/(-9)*(5 + 4). What are the prime factors of y(q)?
23
Let h = -5 + 3. Let w = 15 + -11. What are the prime factors of h + 12 - (w + -2)?
2
Let a(b) be the third derivative of b**4/12 + b**3/2 + b**2. What are the prime factors of a(5)?
13
Let o = 5 + 9. What are the prime factors of 428/o + 12/28?
31
Let q(b) = 13*b + 0 + 8 - b**2 - 5*b. Let z be -2*3*(-8)/6. What are the prime factors of q(z)?
2
Suppose 4*f - 2 - 6 = 0. Suppose 5*b - 40 = -y